reatest common factor of g and j.
8
Suppose -5*v + 208 + 392 = 0. What is the highest common factor of 15 and v?
15
Let o = 5 - 14. Let w be o/6*4/3. Let p be 60 + (w - -3) + -1. Calculate the greatest common divisor of 24 and p.
12
Let d(n) = -n**2 + 13*n + 16. Let i be d(14). Calculate the highest common divisor of 12 and i.
2
Suppose -2 - 54 = -7*m. What is the greatest common divisor of m and 56?
8
Suppose -4*v = 2*l - 50, -4*v = -6*l + 3*l + 75. Calculate the greatest common divisor of l and 100.
25
Suppose 5*u - 7728 = -19*u. Calculate the greatest common factor of u and 23.
23
Let o(u) = -26*u - 58. Let m be o(-3). Suppose 0 = -2*t + 187 + 173. What is the greatest common factor of m and t?
20
Let n(d) = 3*d**3 + d**2 - 2*d. Let q be n(2). What is the highest common factor of q and 12?
12
Suppose -3*b + 55 = 4*s, -4*s + 48 = -2*b - 2*b. Suppose h - 45 = -3*o, -s = -2*o - 3. Calculate the highest common factor of 45 and h.
15
Let c(m) = -m**3 + 5*m**2 + 6*m. Let k be c(6). Let v be (k + 363/12)*4. What is the greatest common factor of v and 11?
11
Let y(q) = 10*q. Let x be y(6). Let s = 19 - 4. Calculate the highest common divisor of x and s.
15
Let d be (-1)/4 + (-18)/(-8). Suppose 0*c + 8 = d*c. Let f be 10/2 + -1 - 0. What is the greatest common divisor of f and c?
4
Let c = 12 + 6. What is the greatest common divisor of c and 36?
18
Let q(l) = l**3 + 4*l**2 - 5*l + 3. Let s be q(-5). Let k(u) = -u**2 + 5*u - 3. Let y be k(s). What is the highest common factor of 21 and y?
3
Let h(y) = -4*y - 3 + 6*y + y. Let g be h(3). Calculate the highest common factor of g and 3.
3
Let w = 16 + 59. Calculate the greatest common factor of 25 and w.
25
Let y = -20 - -25. Calculate the greatest common divisor of 35 and y.
5
Suppose -3*n = -28 - 26. Suppose -d + 180 = d. Calculate the greatest common factor of n and d.
18
Let i be (66/(-4))/((-6)/32). What is the greatest common factor of 22 and i?
22
Suppose 6*t - 3*t = 0. Suppose -2*h + 60 + 726 = t. Suppose -5*d + 377 = -h. Calculate the greatest common factor of d and 14.
14
Suppose 0 = 5*l + 9 - 39. Calculate the greatest common factor of 54 and l.
6
Let r be -1 + -94*2/(-4) - 1. Let f be ((-18)/8)/((-1)/8). Calculate the highest common factor of f and r.
9
Let h = 0 + -1. Let q = h - -2. What is the greatest common divisor of 5 and q?
1
Let a be -1*(2 + (-18 - -1)). What is the greatest common divisor of a and 45?
15
Let w be (4 - -2)*(-2)/(-3). Suppose w*c - 15 = a, 2*c + 0*c = -4*a - 6. What is the greatest common factor of 9 and c?
3
Let c(m) = 8*m**3 + m**2 - 2*m. Let i be c(2). Suppose -2*v = -10, -5*g + 0*v - 4*v = -60. Calculate the greatest common factor of i and g.
8
Let z = -224 + 407. Calculate the highest common factor of z and 61.
61
Let b = -568 + 952. Calculate the greatest common divisor of b and 16.
16
Let n be 14 - 2 - 5/5. What is the highest common factor of 88 and n?
11
Suppose 14 = 2*m - 14. Calculate the highest common divisor of 2 and m.
2
Let v(j) = j**2 + 2*j - 16. Let n be v(10). Let d = 14 + -1. What is the greatest common factor of n and d?
13
Let a = 47 - 11. Let u = -10 + 13. Suppose u*g - 5*g + 18 = 0. Calculate the highest common factor of a and g.
9
Suppose 3*s - c = 1, -2*s - 14 = -3*c - 3. Suppose s*p = 4*a - 48, 2*p - 22 = -a - 2*a. Suppose 58 - a = 3*f. What is the highest common divisor of f and 2?
2
Let x be (338/(-3))/((-6)/9). Let y be x/4 + 1/(-4). What is the greatest common divisor of 63 and y?
21
Let q be 2 + (-1)/(-1) - -1. Let w be (q - 3)*-3 - -12. Suppose -w = -d + 9. What is the greatest common factor of 54 and d?
18
Let c(n) = 3*n - 43. Let f be c(27). What is the highest common factor of 57 and f?
19
Let v = -11 + 15. Let m = -34 - -42. Calculate the greatest common factor of m and v.
4
Suppose 4*w - 44 = 12. Calculate the highest common divisor of w and 7.
7
Let q(o) = 5*o**3 - o. Let i be q(1). Suppose -2*u = i*b + b + 23, -21 = 3*b + 3*u. Let s = b + 14. Calculate the greatest common divisor of s and 11.
11
Let v(l) = -l**3 - l**2 + 2*l + 4. Let b be v(0). Calculate the highest common factor of 2 and b.
2
Let a(o) = -o**2 - 7*o - 3. Suppose -4*g + 26 = -3*u, -u + 5*u + 3*g = -68. Let d = 10 + u. Let k be a(d). What is the greatest common divisor of k and 27?
9
Let g be (-4)/2 - (-1 + 0). Let l be 20/(-1 + 1 - g). Suppose 0*a = -2*a + l. Calculate the greatest common factor of a and 30.
10
Let z(b) be the second derivative of -17*b**3/2 + 5*b**2/2 + 4*b. Let g be z(-4). Calculate the highest common factor of g and 19.
19
Let c = 6 + 18. What is the highest common divisor of c and 6?
6
Let f = -37 - -71. Suppose -5*c = -0*i - 4*i + 10, 0 = -4*c - 2*i - f. Let b(n) = n + 9. Let j be b(c). What is the greatest common factor of 9 and j?
3
Suppose -3*y + 15 = -p, -8*y + 3*y - 3*p = -39. Suppose 24 = k + y. Calculate the greatest common divisor of k and 45.
9
Let c(m) = m**3 - 4*m**2 + 3*m + 2. Let w be c(4). Let x be (-4)/w + (-184)/(-7). Let r = -49 + 114. What is the greatest common divisor of r and x?
13
Let a = -16 - -66. Suppose 270 = 5*z + a. Suppose 4*s + 9 = 2*t - 33, -2*t = 5*s + 3. Calculate the highest common factor of t and z.
11
Let j(l) = -l + 7. Let z be j(6). Let n(i) = 0*i**2 + 10*i**2 + 2*i**2 - z. Let v be n(1). What is the highest common divisor of v and 99?
11
Let l = 2 + 0. Suppose 5*b = -4*k + 27, 0*b + l*b - 3 = k. What is the greatest common factor of k and 27?
3
Let o = 4 + 29. What is the greatest common divisor of 11 and o?
11
Let o = -52 - -60. Let g = 5 + 3. What is the greatest common factor of o and g?
8
Let x(u) = -17*u - 5. Let r be x(-5). Suppose -50 = n - 6*n. What is the greatest common factor of r and n?
10
Let c(r) = -r**3 - 7*r**2 - 6*r + 6. Let y be c(-6). Suppose -4*a = -2*m - 10, 0*m = -m + 3*a - 7. Let l = 4 + m. What is the greatest common factor of l and y?
3
Let b be 1*(-10 + 0 - 0). Let c be 104/10 - (-4)/b. Let w be c/4*(3 + -1). What is the highest common factor of w and 5?
5
Suppose -3*b - 2*f - 9 + 239 = 0, 3*f - 305 = -4*b. Calculate the highest common factor of b and 10.
10
Let q = -6 - -38. What is the greatest common factor of q and 4?
4
Suppose 0 = -2*a - 4*d + 74, 3*d + 0*d + 6 = 0. Let z be a + 1 - 3/(-1). Suppose 2*c - 4*c + 18 = 0. What is the greatest common factor of c and z?
9
Let s(n) = 2 - 4 + 6*n + 0. Let r be s(2). Let m(h) = 2*h**2 + 7*h - 9. Let u be m(-7). Calculate the highest common factor of u and r.
10
Let v = 18 + 174. Calculate the greatest common divisor of 48 and v.
48
Let h = 5 - 3. Suppose h*k + k = 54. Calculate the greatest common factor of 12 and k.
6
Let q(j) = -j**2 + 9*j - 5. Let f be q(8). Suppose 5*n - 3*m - 19 = 0, 3*m - 1 = -2*n + f*n. Calculate the greatest common divisor of 55 and n.
5
Suppose -5*h = 3*h - 1024. What is the highest common divisor of h and 16?
16
Let x be (-2 - ((-15)/(-9) + -3))*-72. Calculate the highest common factor of 6 and x.
6
Let w be 237/33 + (-4)/22. Suppose w*m - 80 = 2*m. What is the highest common factor of m and 144?
16
Let n be (-9)/6*(-4)/(-3). Let r(z) = -54*z - 3. Let a be r(n). Calculate the highest common divisor of 42 and a.
21
Let g = 16 - 24. Let y be (0 + 14)/(g/(-68)). Calculate the greatest common factor of y and 17.
17
Suppose -14*s = -18*s + 352. Suppose -5*a - n + 36 = 0, -3*a - 4*n = n - 4. Let g = 16 - a. What is the greatest common factor of g and s?
8
Let g = -3 - -2. Let b be ((-12)/15)/(g/5). Let p be (-1)/((-10)/12)*30. What is the greatest common factor of b and p?
4
Suppose 5*z - 2*z - 9 = 0. Suppose -z*s = -3 - 6. Let u be (-110)/1*(-3)/s. What is the greatest common factor of 22 and u?
22
Let z(q) = 6*q + 5 + 1 - 1 - q**2. Let h be z(5). Let x(t) = -11*t - 1. Let o be x(-1). What is the greatest common factor of h and o?
10
Let j be 2/(-11) - (-2300)/(-55). Let q be (-3)/(-15) - j/15. Suppose -k + 3*i = -18, -k + 4 = -i - 4. Calculate the highest common factor of k and q.
3
Let a be (-9)/(-5) - 1/(-5). Let i be (8/10)/((-4)/(-110)). What is the highest common divisor of a and i?
2
Suppose -5*g = m + 11, 2*g = 4*g - 3*m + 1. Let f(q) = 42*q**2 + 2*q + 1. Let w be f(g). What is the highest common divisor of 15 and w?
15
Suppose 0 = -2*f - 14 + 2. Let n be (4/f)/((-2)/3). Let v be (n - 4)/(-3) + 0.